{"id":737,"date":"2022-02-08T16:44:55","date_gmt":"2022-02-08T16:44:55","guid":{"rendered":"http:\/\/sedeftasimacilik.com\/?page_id=737"},"modified":"2022-02-08T16:44:56","modified_gmt":"2022-02-08T16:44:56","slug":"personelimiz","status":"publish","type":"page","link":"http:\/\/sedeftasimacilik.com\/?page_id=737","title":{"rendered":"Personelimiz"},"content":{"rendered":"\n<p>Ta\u015f\u0131mac\u0131l\u0131kta ana prensibi \u2018\u00d6nce \u0130nsan\u2019 olan Sedef Turizm, bu sebepten dolay\u0131 hizmet sundu\u011fu yolcular\u0131n\u0131 deneyimli, e\u011fitimli ve yenilik\u00e7i personel ile ta\u015f\u0131maktad\u0131r. S\u00fcr\u00fcc\u00fcler uzun y\u0131llar ta\u015f\u0131mac\u0131l\u0131k deneyimine sahip olup her a\u00e7\u0131dan g\u00f6revinin sorumlulu\u011fu ile hareket etmektedir.\u00a0<\/p>\n\n\n\n<figure class=\"wp-block-image size-full\"><img loading=\"lazy\" decoding=\"async\" width=\"1000\" height=\"443\" src=\"http:\/\/sedeftasimacilik.com\/wp-content\/uploads\/2022\/02\/our-people.jpg\" alt=\"\" class=\"wp-image-738\" srcset=\"http:\/\/sedeftasimacilik.com\/wp-content\/uploads\/2022\/02\/our-people.jpg 1000w, http:\/\/sedeftasimacilik.com\/wp-content\/uploads\/2022\/02\/our-people-300x133.jpg 300w, http:\/\/sedeftasimacilik.com\/wp-content\/uploads\/2022\/02\/our-people-768x340.jpg 768w\" sizes=\"auto, (max-width: 1000px) 100vw, 1000px\" \/><\/figure>\n\n\n\n<p>Sedef Turizm b\u00fcnyesinde g\u00f6revli t\u00fcm s\u00fcr\u00fcc\u00fclerin Adli Sicil Kay\u0131tlar\u0131, Psikoteknik de\u011ferlendirme belgeleri, SRC belgeleri bulunmaktad\u0131r. Sedef Turizm b\u00fcnyesinde g\u00f6revli s\u00fcr\u00fcc\u00fclere d\u00fczenli olarak g\u00fcvenli s\u00fcr\u00fc\u015f ve ta\u015f\u0131mac\u0131l\u0131k konusunda e\u011fitimler verilmektedir.\u00a0<\/p>\n\n\n\n<p>Bu e\u011fitimler ile s\u00fcr\u00fcc\u00fclerin deneyimlerini artt\u0131rmalar\u0131 ve sorumlu olduklar\u0131 personele daha g\u00fcvenli hizmet sunmalar\u0131 hedeflenmektedir. Sedef Turizm\u2019de, ara\u00e7lara binen t\u00fcm yolculara \u201cG\u00fcnayd\u0131n\u201d ve \u201c\u0130yi ak\u015famlar\u201d demek, yolculuk boyunca g\u00fcler y\u00fcz g\u00f6stermek temel ilkedir. Firma personeli, m\u00fc\u015fteri memnuniyetine dayal\u0131 ilkelerden taviz vermez.<\/p>\n","protected":false},"excerpt":{"rendered":"<p>Ta\u015f\u0131mac\u0131l\u0131kta ana prensibi \u2018\u00d6nce \u0130nsan\u2019 olan Sedef Turizm, bu sebepten dolay\u0131 hizmet sundu\u011fu yolcular\u0131n\u0131 deneyimli, e\u011fitimli ve yenilik\u00e7i personel ile ta\u015f\u0131maktad\u0131r. S\u00fcr\u00fcc\u00fcler uzun y\u0131llar<\/p>\n","protected":false},"author":1,"featured_media":738,"parent":0,"menu_order":0,"comment_status":"closed","ping_status":"closed","template":"","meta":{"footnotes":""},"class_list":["post-737","page","type-page","status-publish","has-post-thumbnail","hentry"],"_links":{"self":[{"href":"http:\/\/sedeftasimacilik.com\/index.php?rest_route=\/wp\/v2\/pages\/737","targetHints":{"allow":["GET"]}}],"collection":[{"href":"http:\/\/sedeftasimacilik.com\/index.php?rest_route=\/wp\/v2\/pages"}],"about":[{"href":"http:\/\/sedeftasimacilik.com\/index.php?rest_route=\/wp\/v2\/types\/page"}],"author":[{"embeddable":true,"href":"http:\/\/sedeftasimacilik.com\/index.php?rest_route=\/wp\/v2\/users\/1"}],"replies":[{"embeddable":true,"href":"http:\/\/sedeftasimacilik.com\/index.php?rest_route=%2Fwp%2Fv2%2Fcomments&post=737"}],"version-history":[{"count":1,"href":"http:\/\/sedeftasimacilik.com\/index.php?rest_route=\/wp\/v2\/pages\/737\/revisions"}],"predecessor-version":[{"id":741,"href":"http:\/\/sedeftasimacilik.com\/index.php?rest_route=\/wp\/v2\/pages\/737\/revisions\/741"}],"wp:featuredmedia":[{"embeddable":true,"href":"http:\/\/sedeftasimacilik.com\/index.php?rest_route=\/wp\/v2\/media\/738"}],"wp:attachment":[{"href":"http:\/\/sedeftasimacilik.com\/index.php?rest_route=%2Fwp%2Fv2%2Fmedia&parent=737"}],"curies":[{"name":"wp","href":"https:\/\/api.w.org\/{rel}","templated":true}]}}